eds digit of d?
3
Suppose -5080*q + 5129*q = 194824. What is the hundreds digit of q?
9
Let p(t) = 7*t**2 - 4*t - 20. Suppose -2*r + 7 = 2*a + 13, 0 = -3*r + a - 25. Let i(k) = k**2 + 10*k + 17. Let m be i(r). What is the units digit of p(m)?
8
Suppose 61 = -0*r - r. Let h be 280/3 + 22/(-66). Let t = r + h. What is the tens digit of t?
3
What is the thousands digit of 1/(-11) + ((-2365038)/(-297) - -31)?
7
Let h(m) = -2*m**2 - 5*m + 11. Suppose -30*l - 3 = -31*l. Let x be h(l). Let p = 73 + x. What is the units digit of p?
1
Let b = 38172 - -414. What is the hundreds digit of b?
5
What is the ten thousands digit of 385/14*(-10 - 10896/(-10))?
2
Let p(n) = -22*n**3 - 8*n**2 + 16*n - 102. What is the units digit of p(-9)?
4
Let o(b) = -1434*b**3 - 7*b**2 - 41*b - 57. What is the tens digit of o(-3)?
2
Let b = 139291 - 97393. What is the ten thousands digit of b?
4
Suppose -3*j = -2*w - 12, 16 = 4*j - 7*w + 11*w. Suppose 37 + 179 = j*u. What is the tens digit of u?
5
What is the thousands digit of (1/3)/((-1)/3)*(-45222 + -53)?
5
Suppose -3*s + 31 + 248 = 0. Let v = -88 + s. Suppose -584 = -3*i - i + 5*g, -v*i = 2*g - 697. What is the tens digit of i?
4
Suppose 2*t = -3*l - 19, -l = -0*t - 3*t - 12. What is the units digit of (2 - (3 + 19))/l*12?
0
Let g be 1701/6 - 1*6/(-12). Let c = 1374 - g. What is the units digit of c?
0
Let m = -2450 + 4599. Let b = m + -1491. What is the hundreds digit of b?
6
Let a(k) = -k + 5. Let j be a(7). Let m be (-3)/j + 292/8. Suppose -y + m = 4. What is the tens digit of y?
3
Let r(x) = 2*x**2 + x + 21. Let a be r(7). What is the units digit of (-28)/a + 803/9?
9
Let z be 2*(-17)/(-1)*(-37)/(-74). Let s(t) = 2*t**2 + 10*t - 9. What is the hundreds digit of s(z)?
7
Suppose 14*n - 11*n = 0. Let x(g) = 2*g + 4. Let o be x(n). Suppose 6*h - w = 3*h + 258, o*w + 86 = h. What is the tens digit of h?
8
Let g be (24/56 - 48/14) + 995. Suppose 2*z = 3*x + 4*z - 1487, 0 = -2*x - z + g. What is the hundreds digit of x?
4
What is the units digit of 207*(-6193)/(-66) - (-2)/4?
4
Let m(s) = -s**3 + 1. Let z(o) = -o**3 + 6*o**2 - 2*o - 14. Let t be z(5). Let q be m(t). Suppose 2*v - 86 = -q*h + 2*h, 2 = 2*h. What is the tens digit of v?
4
Suppose -576362 = -45*n - 8*n + 704277. What is the hundreds digit of n?
1
Suppose -23160 = -24*n + 6*n + 39678. What is the tens digit of n?
9
Let z = -89526 + 156486. Suppose 37*n - z = -15604. What is the hundreds digit of n?
3
Let w(m) = 2*m**2 - 9*m + 3. Let n be w(-3). Let j = n + 31. What is the tens digit of j - (-2 + 0)/(-2 - -4)?
8
What is the units digit of 244/(-3)*28509/(-442)?
6
Let i be (2/(-6))/((6/6)/(-102)). Suppose i*x = 4*x + 23460. What is the tens digit of x?
8
Let s(m) = -5*m**3 + 2*m**3 - m + 40 - 40. Let a be s(1). What is the hundreds digit of a/6 - (-664)/6?
1
Suppose 13*i - 9798 - 15885 = 10*i. What is the tens digit of i?
6
Suppose 54*s - 38*s - 585882 + 110362 = 0. What is the ten thousands digit of s?
2
Let j(n) = -73 + 201 - 9*n + 556 - 9*n. What is the units digit of j(0)?
4
Suppose 2*u + 194 = -4*f, 5*f = -0*f - 5*u - 255. Let q = f - -81. What is the units digit of (266/q)/((-3)/(-30)*2)?
8
Suppose 77*m = 76*m + a + 19511, 0 = 4*m + 9*a - 78031. What is the ten thousands digit of m?
1
Let m be (14/(-6))/7 + 44/(-3). Let r be 24/m*(25/(-10))/1. Suppose -5*q - 5*p = -6*p - 303, 3*q - r*p = 192. What is the units digit of q?
0
Let r(c) = -4*c + 18. Let s be r(4). Suppose -s*j = n - 1849, 5*n - j - 5863 = 3437. What is the thousands digit of n?
1
Let x(o) = -o**3 - 6*o**2 + 9*o - 15. Suppose 0 = -4*d - 2*d - 156. Let z = d - -18. What is the units digit of x(z)?
1
Let l(v) = 28*v**2 - 2*v - 26. Let x = 2 - 6. What is the hundreds digit of l(x)?
4
Suppose -2*a + 15 - 3 = 0. Let g be a - (-5 - (-16)/2). Suppose -5*k - 20 = 0, g*z = -3*k + 471 + 141. What is the tens digit of z?
0
Let t(m) = -m**2 + 5*m - 4. Let d be ((-2)/6)/(11/(-66)). Let r be t(d). Suppose 0 = -4*y + r*y + 16. What is the units digit of y?
8
Let t = -218 + 2373. What is the tens digit of t?
5
Let f = -10576 + 47708. What is the thousands digit of f?
7
Let m be ((-1)/(-3))/((55/15)/(-11)). Let d(q) = 649*q**2 + 2*q + 2. What is the hundreds digit of d(m)?
6
Let g be 0 + (-408)/(12/3). Let l be 3/21 - g/21. Suppose 0 = 3*z - l*z + 38. What is the tens digit of z?
1
Suppose -2*b = -5*f - 1, -19 = 3*b - 8*b - 4*f. What is the tens digit of 2*-1 - (-7 - (249 - b))?
5
Suppose -4*w = 20, -174*w - 10792 = -f - 172*w. What is the hundreds digit of f?
7
Let a = -10124 + 28384. What is the hundreds digit of a?
2
Suppose 0 = -3*q - 5*q - 8. What is the tens digit of ((-26)/(-10) + q)*490?
8
Suppose 0 = 10*f - 4*f - 12. Suppose f*g + 17*g = 14155. What is the tens digit of g?
4
Let n = 77 - 85. Let o(x) = x**3 + 6*x**2 - 16*x + 4. Let d be o(n). Suppose 5*i = h - 3*h + 715, 572 = d*i - 3*h. What is the tens digit of i?
4
Let f be (-39)/52 - 3/(-4). Suppose 5*p - 793 - 2102 = f. What is the tens digit of p?
7
Suppose -286*v - 2550 + 8178 = -285*v. What is the hundreds digit of v?
6
Let n = 11 + 3. Suppose -13*f + n*f - 15 = 0. Let q(k) = -k**3 + 16*k**2 - 15*k + 20. What is the units digit of q(f)?
0
Suppose -17*f - 106316 = -432386 - 154469. What is the hundreds digit of f?
2
What is the hundreds digit of (-279764)/(-36) - (-26)/(-117)?
7
Let g = 2127 - 1524. What is the tens digit of g?
0
Let d(k) = 10*k**2 + 26*k. Suppose -3*w + 35 - 20 = 0. What is the tens digit of d(w)?
8
Let w(y) = -15*y**3 - y**2 + y + 1. Let n be w(-2). Suppose 117 + 95 = 53*t. Suppose t*i = -i + n. What is the tens digit of i?
2
Let t be (-5800)/35 + 4/(-14). Let d = t + 237. What is the tens digit of (3 + -2)/(143/d - 2)?
7
Let m be 62 - 63 - 1*4. What is the units digit of (-2 - -6 - m)/(1/61)?
9
Let z be (-10*9/(-45))/((-1)/(-40)). Let w = z - -26. What is the tens digit of w?
0
Let j(z) be the second derivative of z**3/3 + 2*z**2 + 12*z. Let u be j(1). Suppose 0 = h + u*h - 91. What is the tens digit of h?
1
Let m be (-70)/5*34/(-4). Let b be (21/(-14))/(2/44). Let z = b + m. What is the units digit of z?
6
Let y = 39 - -2229. What is the tens digit of y?
6
Let j be (4/10)/((-46)/(-25645)). Suppose -3*c - j + 67 = 0. Let h = c + 54. What is the units digit of h?
2
Let s(l) = l - 5. Let v be s(-5). Let t be (v/4)/(2/68). Let c = t - -142. What is the units digit of c?
7
Suppose 65908 = 4*m + 6*s, -75 = 5*s - 65. What is the hundreds digit of m?
4
Suppose 1237 = -4*u + z + 6084, u = -3*z + 1228. What is the tens digit of u?
1
Let i = 596 + -581. Suppose 0 = -n - i*n + 7456. What is the units digit of n?
6
Let p(o) = -o**2 + 23*o + 81. Let s be p(26). Suppose -6*a - 2823 = -s*y, y = 2*y + 5*a - 906. What is the hundreds digit of y?
9
Let i(q) = 170*q**2 + 5*q + 2. Let p be i(-2). Suppose -p = 5*w - 1962. Let a = -181 + w. What is the tens digit of a?
7
Suppose 0 = -36*s + 32055 - 5559. What is the hundreds digit of s?
7
Let b = 83 - 83. Suppose -w = -b + 4. What is the units digit of (84/63)/(w/(-414))?
8
Suppose -455 = 3*w - 5*m, 3*m = 2*w + 135 + 167. What is the units digit of (w - (2 + 1))*(-5 - -4)?
8
Let v(w) = -w**3 - w**2 - 2*w + 15. Let r be v(0). Let f(t) = 37*t + 87. What is the units digit of f(r)?
2
Let y = -1745 + 1747. Suppose -2*c = 3*c - 100. Suppose 0 = y*g + g + 5*l - 277, 5*l + c = 0. What is the units digit of g?
9
Let h be 20/4 - 1 - (-4 - -2). What is the hundreds digit of 551 - (h/3 + -9)?
5
Suppose -4*c + 9*c = 35. Suppose -3*n + 6 = -4*k, c = k - 0*k - 5*n. What is the units digit of k + ((-45)/6)/(6/(-40))?
7
Suppose -2*t = -0*t - 6*t. Suppose -8*m + 67 + 125 = t. What is the units digit of m?
4
Let k(c) = 667*c**2 + 65*c - 75. What is the thousands digit of k(-4)?
0
Let m be 1/3 - 1105/(-15). Suppose -q - m = 11. Let u = -41 - q. What is the tens digit of u?
4
Let d = 50 + -30. Let j be (20/(-45))/(4/(-18)). Suppose -5*t + 5*i + 270 = -d, -5*t = j*i - 297. What is the tens digit of t?
5
Suppose 0 = 8*f - 2*x - 385438, 5*f - 2*x - 240886 = -5*x. What is the tens digit of f?
7
Suppose 2*u - 4 = n, -25 = -5*n - 0*u - 5*u. Suppose -5*q = a - 1199, -7*a - q = -n*a - 6019. What is the tens digit of a?
0
What is the units digit of 4/(-11) + 60320/352?
1
What is the tens digit of 376/(-564)*(-8299 - -1)?
3
